{"id":36,"date":"2026-03-12T21:33:22","date_gmt":"2026-03-12T21:33:22","guid":{"rendered":"https:\/\/crecechile.anacondaweb.in\/?page_id=36"},"modified":"2026-03-12T21:33:22","modified_gmt":"2026-03-12T21:33:22","slug":"services","status":"publish","type":"page","link":"https:\/\/imaginaeduc.com\/?page_id=36","title":{"rendered":"Services"},"content":{"rendered":"\n<div class=\"wp-block-uagb-container uagb-block-9ed5e6d4 alignfull uagb-is-root-container\"><div class=\"uagb-container-inner-blocks-wrap\">\n<div class=\"wp-block-uagb-info-box uagb-block-d5b134cc uagb-infobox__content-wrap  uagb-infobox-icon-above-title uagb-infobox-image-valign-top\"><div class=\"uagb-ifb-content\"><div class=\"uagb-ifb-title-wrap\"><span class=\"uagb-ifb-title-prefix\">Nuestras Ofertas<\/span><h1 class=\"uagb-ifb-title\">Capacitaci\u00f3n y Oportunidades para Adultos<\/h1><\/div><\/div><\/div>\n<\/div><\/div>\n\n\n\n<div class=\"wp-block-uagb-container uagb-block-48009aef alignfull uagb-is-root-container\"><div class=\"uagb-container-inner-blocks-wrap\">\n<div class=\"wp-block-uagb-container uagb-block-5250fd34\">\n<div class=\"wp-block-uagb-container uagb-block-e2a91d97\">\n<div class=\"wp-block-uagb-image alignleft uagb-block-8590ae9a wp-block-uagb-image--layout-default wp-block-uagb-image--effect-static wp-block-uagb-image--align-left\"><figure class=\"wp-block-uagb-image__figure\"><img decoding=\"async\" srcset=\"https:\/\/crecechile.anacondaweb.in\/wp-content\/uploads\/2026\/03\/man-in-white-crew-neck-t-shirt-holding-white-printer-paper-4778624.jpeg ,https:\/\/crecechile.anacondaweb.in\/wp-content\/uploads\/2026\/03\/man-in-white-crew-neck-t-shirt-holding-white-printer-paper-4778624.jpeg 780w, https:\/\/crecechile.anacondaweb.in\/wp-content\/uploads\/2026\/03\/man-in-white-crew-neck-t-shirt-holding-white-printer-paper-4778624.jpeg 360w\" sizes=\"auto, (max-width: 480px) 150px\" src=\"https:\/\/crecechile.anacondaweb.in\/wp-content\/uploads\/2026\/03\/man-in-white-crew-neck-t-shirt-holding-white-printer-paper-4778624.jpeg\" alt=\"Young adult with tattoos studying diligently with books and notes, highlighting concentration and learning.\" class=\"uag-image-441\" width=\"600\" height=\"450\" title=\"Services\" loading=\"lazy\" role=\"img\"><\/figure><\/div>\n\n\n\n<div class=\"wp-block-uagb-info-box uagb-block-3c7afed0 uagb-infobox__content-wrap  uagb-infobox-icon-above-title uagb-infobox-image-valign-top\"><div class=\"uagb-ifb-content\"><div class=\"uagb-ifb-title-wrap\"><span class=\"uagb-ifb-title-prefix\">01.<\/span><h2 class=\"uagb-ifb-title\">Educaci\u00f3n Flexible<\/h2><\/div><p class=\"uagb-ifb-desc\">Nuestra modalidad de Educaci\u00f3n Flexible est\u00e1 dise\u00f1ada para quienes buscan una alternativa de aprendizaje a su ritmo. Ofrecemos programas ajustables para que puedas compatibilizar tus estudios con otras responsabilidades. Con un enfoque personalizado, te acompa\u00f1amos en cada paso, asegurando que puedas alcanzar tus objetivos acad\u00e9micos y profesionales sin sacrificar tus compromisos diarios.<\/p><\/div><\/div>\n<\/div>\n\n\n\n<div class=\"wp-block-uagb-container uagb-block-39480438\">\n<div class=\"wp-block-uagb-image alignleft uagb-block-c0169bf8 wp-block-uagb-image--layout-default wp-block-uagb-image--effect-static wp-block-uagb-image--align-left\"><figure class=\"wp-block-uagb-image__figure\"><img decoding=\"async\" srcset=\"https:\/\/crecechile.anacondaweb.in\/wp-content\/uploads\/2026\/03\/people-inside-library-lzyy5dzcia0.jpeg ,https:\/\/crecechile.anacondaweb.in\/wp-content\/uploads\/2026\/03\/people-inside-library-lzyy5dzcia0.jpeg 780w, https:\/\/crecechile.anacondaweb.in\/wp-content\/uploads\/2026\/03\/people-inside-library-lzyy5dzcia0.jpeg 360w\" sizes=\"auto, (max-width: 480px) 150px\" src=\"https:\/\/crecechile.anacondaweb.in\/wp-content\/uploads\/2026\/03\/people-inside-library-lzyy5dzcia0.jpeg\" alt=\"people-inside-library-lzyy5dzcia0\" class=\"uag-image-428\" width=\"600\" height=\"350\" title=\"Services\" loading=\"lazy\" role=\"img\"><\/figure><\/div>\n\n\n\n<div class=\"wp-block-uagb-info-box uagb-block-57760dfc uagb-infobox__content-wrap  uagb-infobox-icon-above-title uagb-infobox-image-valign-top\"><div class=\"uagb-ifb-content\"><div class=\"uagb-ifb-title-wrap\"><span class=\"uagb-ifb-title-prefix\">02.<\/span><h2 class=\"uagb-ifb-title\">Cursos Especializados<\/h2><\/div><p class=\"uagb-ifb-desc\">Nuestros Cursos Especializados est\u00e1n dise\u00f1ados para brindarte conocimientos actualizados y relevantes en diversas \u00e1reas. Desde habilidades t\u00e9cnicas hasta desarrollo personal, cada curso est\u00e1 impartido por expertos en la materia. Al finalizar, recibir\u00e1s un certificado que acredita tu preparaci\u00f3n y te ayuda a destacarte en el competitivo mercado laboral. \u00a1Inscr\u00edbete y transforma tu futuro profesional!<\/p><\/div><\/div>\n<\/div>\n<\/div>\n\n\n\n<div class=\"wp-block-uagb-container uagb-block-58944a93\">\n<div class=\"wp-block-uagb-container uagb-block-62a31330\">\n<div class=\"wp-block-uagb-image alignleft uagb-block-28a63686 wp-block-uagb-image--layout-default wp-block-uagb-image--effect-static wp-block-uagb-image--align-left\"><figure class=\"wp-block-uagb-image__figure\"><img decoding=\"async\" srcset=\"https:\/\/crecechile.anacondaweb.in\/wp-content\/uploads\/2026\/03\/a-woman-sitting-on-a-couch-reading-a-book-9fjhsk4hmxs.jpeg ,https:\/\/crecechile.anacondaweb.in\/wp-content\/uploads\/2026\/03\/a-woman-sitting-on-a-couch-reading-a-book-9fjhsk4hmxs.jpeg 780w, https:\/\/crecechile.anacondaweb.in\/wp-content\/uploads\/2026\/03\/a-woman-sitting-on-a-couch-reading-a-book-9fjhsk4hmxs.jpeg 360w\" sizes=\"auto, (max-width: 480px) 150px\" src=\"https:\/\/crecechile.anacondaweb.in\/wp-content\/uploads\/2026\/03\/a-woman-sitting-on-a-couch-reading-a-book-9fjhsk4hmxs.jpeg\" alt=\"a-woman-sitting-on-a-couch-reading-a-book-9fjhsk4hmxs\" class=\"uag-image-437\" width=\"600\" height=\"350\" title=\"Services\" loading=\"lazy\" role=\"img\"><\/figure><\/div>\n\n\n\n<div class=\"wp-block-uagb-info-box uagb-block-b870fe7d uagb-infobox__content-wrap  uagb-infobox-icon-above-title uagb-infobox-image-valign-top\"><div class=\"uagb-ifb-content\"><div class=\"uagb-ifb-title-wrap\"><span class=\"uagb-ifb-title-prefix\">03.<\/span><h2 class=\"uagb-ifb-title\">Programa de Voluntariado<\/h2><\/div><p class=\"uagb-ifb-desc\">El Programa de Voluntariado de CreceChile te invita a ser parte activa de un cambio social. Puedes colaborar en diversas iniciativas que buscan apoyar a adultos en su proceso educativo. Conoce a personas de diferentes realidades, comparte tu conocimiento y habilidades, y enriquece tu propia experiencia a trav\u00e9s de la ayuda brindada. Al ser voluntario, no solo impactas en la vida de otros, sino que tambi\u00e9n te desarrollas personalmente.<\/p><\/div><\/div>\n<\/div>\n\n\n\n<div class=\"wp-block-uagb-container uagb-block-a474bc71\">\n<div class=\"wp-block-uagb-image alignleft uagb-block-616a26fd wp-block-uagb-image--layout-default wp-block-uagb-image--effect-static wp-block-uagb-image--align-left\"><figure class=\"wp-block-uagb-image__figure\"><img decoding=\"async\" srcset=\"https:\/\/crecechile.anacondaweb.in\/wp-content\/uploads\/2026\/03\/hat-grass-field-2276495.jpg ,https:\/\/crecechile.anacondaweb.in\/wp-content\/uploads\/2026\/03\/hat-grass-field-2276495.jpg 780w, https:\/\/crecechile.anacondaweb.in\/wp-content\/uploads\/2026\/03\/hat-grass-field-2276495.jpg 360w\" sizes=\"auto, (max-width: 480px) 150px\" src=\"https:\/\/crecechile.anacondaweb.in\/wp-content\/uploads\/2026\/03\/hat-grass-field-2276495.jpg\" alt=\"hat, grass, nature, field\" class=\"uag-image-440\" width=\"600\" height=\"450\" title=\"Services\" loading=\"lazy\" role=\"img\"><\/figure><\/div>\n\n\n\n<div class=\"wp-block-uagb-info-box uagb-block-65a70ccb uagb-infobox__content-wrap  uagb-infobox-icon-above-title uagb-infobox-image-valign-top\"><div class=\"uagb-ifb-content\"><div class=\"uagb-ifb-title-wrap\"><span class=\"uagb-ifb-title-prefix\">04.<\/span><h2 class=\"uagb-ifb-title\">Plataforma Virtual<\/h2><\/div><p class=\"uagb-ifb-desc\">Nuestra Plataforma Virtual te ofrece acceso a un mundo de recursos educativos desde la comodidad de tu hogar. Con una interfaz amigable, podr\u00e1s acceder a cursos, materiales de estudio, entrevistas con expertos y mucho m\u00e1s. Adem\u00e1s, te permite interactuar con otros estudiantes y profesores, fomentando un ambiente colaborativo y de apoyo. Esta herramienta es esencial para quienes buscan flexible y efectiva oportunidad de aprendizaje.<\/p><\/div><\/div>\n<\/div>\n<\/div>\n<\/div><\/div>\n\n\n\n<div class=\"wp-block-uagb-container uagb-block-b684870f alignfull uagb-is-root-container\"><div class=\"uagb-container-inner-blocks-wrap\">\n<div class=\"wp-block-uagb-info-box uagb-block-f83a47d8 uagb-infobox__content-wrap  uagb-infobox-icon-above-title uagb-infobox-image-valign-top\"><div class=\"uagb-ifb-content\"><div class=\"uagb-ifb-title-wrap\"><span class=\"uagb-ifb-title-prefix\">Con\u00e9ctate con nosotros<\/span><h2 class=\"uagb-ifb-title\">\u00a1Actual\u00edzate hoy mismo con ImaginaEduc!<\/h2><\/div><p class=\"uagb-ifb-desc\">No esperes m\u00e1s, da el primer paso hacia tu futuro educativo y personal.<\/p><div class=\"uagb-ifb-button-wrapper wp-block-button\"><a href=\"\/contact\/\" class=\"uagb-infobox-cta-link wp-block-button__link\" target=\"_self\" rel=\"noopener noreferrer\" onclick=\"return true;\"><span class=\"uagb-inline-editing\">Matric\u00falate ahora<\/span><\/a><\/div><\/div><\/div>\n<\/div><\/div>\n","protected":false},"excerpt":{"rendered":"","protected":false},"author":6,"featured_media":0,"parent":0,"menu_order":0,"comment_status":"closed","ping_status":"closed","template":"","meta":{"_uag_custom_page_level_css":"","site-sidebar-layout":"default","site-content-layout":"","ast-site-content-layout":"default","site-content-style":"default","site-sidebar-style":"default","ast-global-header-display":"","ast-banner-title-visibility":"","ast-main-header-display":"","ast-hfb-above-header-display":"","ast-hfb-below-header-display":"","ast-hfb-mobile-header-display":"","site-post-title":"disabled","ast-breadcrumbs-content":"","ast-featured-img":"","footer-sml-layout":"","ast-disable-related-posts":"","theme-transparent-header-meta":"enabled","adv-header-id-meta":"","stick-header-meta":"","header-above-stick-meta":"","header-main-stick-meta":"","header-below-stick-meta":"","astra-migrate-meta-layouts":"default","ast-page-background-enabled":"default","ast-page-background-meta":{"desktop":{"background-color":"var(--ast-global-color-4)","background-image":"","background-repeat":"repeat","background-position":"center center","background-size":"auto","background-attachment":"scroll","background-type":"","background-media":"","overlay-type":"","overlay-color":"","overlay-opacity":"","overlay-gradient":""},"tablet":{"background-color":"","background-image":"","background-repeat":"repeat","background-position":"center center","background-size":"auto","background-attachment":"scroll","background-type":"","background-media":"","overlay-type":"","overlay-color":"","overlay-opacity":"","overlay-gradient":""},"mobile":{"background-color":"","background-image":"","background-repeat":"repeat","background-position":"center center","background-size":"auto","background-attachment":"scroll","background-type":"","background-media":"","overlay-type":"","overlay-color":"","overlay-opacity":"","overlay-gradient":""}},"ast-content-background-meta":{"desktop":{"background-color":"var(--ast-global-color-5)","background-image":"","background-repeat":"repeat","background-position":"center center","background-size":"auto","background-attachment":"scroll","background-type":"","background-media":"","overlay-type":"","overlay-color":"","overlay-opacity":"","overlay-gradient":""},"tablet":{"background-color":"var(--ast-global-color-5)","background-image":"","background-repeat":"repeat","background-position":"center center","background-size":"auto","background-attachment":"scroll","background-type":"","background-media":"","overlay-type":"","overlay-color":"","overlay-opacity":"","overlay-gradient":""},"mobile":{"background-color":"var(--ast-global-color-5)","background-image":"","background-repeat":"repeat","background-position":"center center","background-size":"auto","background-attachment":"scroll","background-type":"","background-media":"","overlay-type":"","overlay-color":"","overlay-opacity":"","overlay-gradient":""}},"footnotes":""},"class_list":["post-36","page","type-page","status-publish","hentry"],"uagb_featured_image_src":{"full":false,"thumbnail":false,"medium":false,"medium_large":false,"large":false,"1536x1536":false,"2048x2048":false},"uagb_author_info":{"display_name":"lvozk9mziep5","author_link":"https:\/\/imaginaeduc.com\/?author=6"},"uagb_comment_info":0,"uagb_excerpt":null,"_links":{"self":[{"href":"https:\/\/imaginaeduc.com\/index.php?rest_route=\/wp\/v2\/pages\/36","targetHints":{"allow":["GET"]}}],"collection":[{"href":"https:\/\/imaginaeduc.com\/index.php?rest_route=\/wp\/v2\/pages"}],"about":[{"href":"https:\/\/imaginaeduc.com\/index.php?rest_route=\/wp\/v2\/types\/page"}],"author":[{"embeddable":true,"href":"https:\/\/imaginaeduc.com\/index.php?rest_route=\/wp\/v2\/users\/6"}],"replies":[{"embeddable":true,"href":"https:\/\/imaginaeduc.com\/index.php?rest_route=%2Fwp%2Fv2%2Fcomments&post=36"}],"version-history":[{"count":2,"href":"https:\/\/imaginaeduc.com\/index.php?rest_route=\/wp\/v2\/pages\/36\/revisions"}],"predecessor-version":[{"id":496,"href":"https:\/\/imaginaeduc.com\/index.php?rest_route=\/wp\/v2\/pages\/36\/revisions\/496"}],"wp:attachment":[{"href":"https:\/\/imaginaeduc.com\/index.php?rest_route=%2Fwp%2Fv2%2Fmedia&parent=36"}],"curies":[{"name":"wp","href":"https:\/\/api.w.org\/{rel}","templated":true}]}}